 45. Suppose -5*k + 6 = 41. Is g(k) prime?
False
Is 29*4953 + 700/50 a prime number?
True
Let c = 409 + -475. Is (-8)/44 - 877218/c a prime number?
True
Suppose 30*h + 19975 = 35*h. Let n = 6808 - h. Is n a composite number?
True
Suppose q = 6*q - 80. Suppose 9*a - q = 11*a. Let t(k) = 6*k**2 - 12*k - 17. Is t(a) prime?
True
Let b = 931 - 922. Suppose 3*y + 0*y = -18. Is (-6)/b - 4408/y prime?
False
Suppose -9*x + 23251 = -413519. Suppose 0 = 5*p - 40765 - x. Is p a composite number?
True
Let d = 592 - 1082. Let j = d + 963. Is j a composite number?
True
Suppose 1317 = 3*r - 3*g, 5*r + 5*g - 1174 = 991. Let p be 1/(5/35)*r. Suppose 3*t + 6 - 21 = 0, 5*t - p = -3*f. Is f a composite number?
False
Suppose -i - 12 + 14 = 0. Let n be i + (2 - 1)*-1. Let m(c) = 1113*c**2 - 3*c + 1. Is m(n) composite?
True
Let k = -31 - -31. Suppose k = -4*y - u - 1, 0*y - 2*u = -y - 7. Is (y - -88)*(4 + -3) a prime number?
False
Suppose -30 = -0*u - 5*u. Suppose -59 + 12977 = u*c. Is c prime?
True
Suppose 23*g - 4696035 - 6586841 + 2565669 = 0. Is g a composite number?
False
Let j(x) be the second derivative of x**6/180 + 11*x**5/120 + 7*x**4/6 - 25*x**3/6 + 5*x. Let y(k) be the second derivative of j(k). Is y(-9) prime?
False
Suppose -364*j + 337*j = -8049321. Is j a prime number?
False
Let l = -624 - -629. Suppose 5*k = -l*c + 2690, -3*k = 3*c - 4*c + 550. Is c prime?
True
Suppose 82*d - 353071 = 5086563. Is d a prime number?
True
Let z be (-1490 - -2*5/15)*-18. Is (z/(-36))/(2/(-9)) a prime number?
False
Suppose 79560 = 13*d - 8021. Is d prime?
True
Let u(g) = -4*g**3 - g**2 - 11*g + 13. Let l be (24*(-4)/(-32)*4)/(-2). Is u(l) composite?
False
Let f(a) = 283*a - 134. Let k(h) = h**3 + 19*h**2 + 33*h + 10. Let s be k(-17). Is f(s) a prime number?
True
Let w = 6863 - -15108. Is w a prime number?
False
Let r be (-3*13/3)/(-1). Suppose 2*y + r = -2*y - 5*c, 4*y = -3*c - 3. Is (-4600 - y - 6)*(0 - 1) prime?
False
Suppose -2 = p, 3*p - 4*p = 4*q - 58. Suppose -4*c - 547 = 3*x, -3*x = -0*x + q. Let w = c + 226. Is w a prime number?
False
Suppose -52*p + 51*p - 6 = 0. Is -658*(-385)/176 - p/(-16) prime?
True
Let i = -191405 + 387252. Is i composite?
True
Let q = -42585 - -73138. Is q prime?
True
Suppose -2*d + 4*n - 96 = 124, 388 = -4*d - 5*n. Is (-2)/(d/62163) + (-8)/(-68) a composite number?
True
Suppose 0 = 10*z - 3*z + 7028. Let f = -421 - z. Suppose -2*a + 2199 = 3*l, 3*a - f = -l + 157. Is l composite?
True
Let k be ((-2094)/18 + 1)*3. Let a = -120 - k. Is a prime?
False
Is (1 + -7044)/((-117)/819) prime?
False
Suppose -18 = 3*a, 618*p + 3*a = 613*p + 736492. Is p composite?
True
Let k be (22473 - (-2 + 4)) + -6. Suppose k = 75*g - 70*g. Is g a prime number?
True
Suppose -10*h - 15 = -7*h, j - 3*h = 26929. Is j composite?
True
Let i = 683 - 683. Suppose -y = 4*l - 6595, y - 4*l - 6603 = -i*y. Is y composite?
False
Let r = 66650 + -9321. Is r prime?
True
Let h = 102788 - 60679. Is h prime?
False
Suppose -2*y - i + 178647 = 0, -6*y + 5*y - 8*i = -89361. Is y a prime number?
False
Suppose 0 = 3*h + d - 57792 - 53052, -5*h - 3*d + 184736 = 0. Is h a prime number?
False
Let t(b) = -2*b**3 + 8*b**2 + 5*b - 17. Let v be t(4). Suppose 6508 = v*f + 5*q, -8*f + 13*f - q = 10800. Is f a prime number?
True
Let x be (-24)/(-9)*-6*(-2)/16. Suppose -s + 14585 = x*h, 5*s - 81921 = -4*h - 9008. Is s a composite number?
True
Suppose -2556046 = -29*k + 1973551. Is k a composite number?
True
Let l(x) = 1084*x**3 + x**2 - 2*x - 2. Let c be l(-1). Let h = -580 - c. Is h prime?
True
Let t(j) = -j**3 + 5*j**2 + 13*j - 20. Let a(s) = 5*s**2 + 3*s - 2. Let y be a(1). Let k be t(y). Suppose -k*f - 331 = -23*f. Is f prime?
True
Let i(r) = r - 6. Let u be i(8). Let m(b) = 591*b**3 + 7*b**2 + 6 + 2 - 11*b - 7. Is m(u) a composite number?
True
Suppose -n + 721798 = -3*j, n - 721793 = -96*j + 98*j. Is n a composite number?
False
Is (-110)/(20/(-2)) - -81186 prime?
True
Let l = -104 + 118. Suppose l*m = 20*m - 3846. Is m composite?
False
Let z = -160331 + 314700. Is z a composite number?
False
Let n = 18 + -15. Let w be 1/1 + -1 - n. Is w - (-1016)/4*1 composite?
False
Let o be (1 + 0)/((-8)/(-104)) + -3. Suppose 4*l - 3*f + 33 = -3, -l = -f + o. Is 5/((-50)/8)*5595/l a prime number?
False
Suppose -g = -3*w - 15, -4*g = -3*g. Let a(u) = 3 + 2*u + 7*u + u**2 - 15 - u**3. Is a(w) a prime number?
False
Let t = -1 - -6. Suppose 0 = 3*z - 15, t*z - 17 = -a + 5. Is ((-5045)/30*-2)/((-1)/a) composite?
False
Let n(g) = 31290*g + 11227. Is n(5) a prime number?
True
Let w = -20222 - -32708. Suppose 6*l - w = -0*l. Is l a composite number?
False
Let n = 65 - 60. Let v = 362 + n. Is v composite?
False
Is (((-1096886)/(-6))/1 + 124/(-93))*1 a prime number?
True
Is (-749150)/(-1) + 1 - 0 - (-283 + 287) prime?
False
Let v(i) = 4*i + 53. Let j be v(-13). Is ((-1 - -5)/4)/(j/5269) a composite number?
True
Let t = 7432 + 30708. Suppose -7694 = -6*r + t. Is r composite?
False
Is (-14356010)/(-130) - (-34)/221 a prime number?
True
Let k = 16 - 23. Let n be 0/k*(-2)/4. Suppose 1440 = 3*i + 3*q, q + n*q = -4*i + 1917. Is i a composite number?
False
Suppose 0 = -15*t + 17*t - 34. Suppose -407269 = -34*g + t*g. Is g a composite number?
False
Let k(s) = 4387*s**2 + 4*s + 4. Let b be k(-1). Let i(o) = -4352*o + 13 - 45 + b*o. Is i(7) composite?
True
Let q(c) = 7947*c - 218. Is q(1) prime?
False
Suppose 3*r = 4*r + 2*g + 7139, 7143 = -r - g. Let a = -2876 - r. Is a a prime number?
True
Suppose 1571296 = 4*h + 3*q, 13*h - q = 17*h - 1571304. Is h a composite number?
False
Is ((7 - 1)/(-12))/((-3)/507774) prime?
True
Let t(k) = 15*k**2 + 188*k - 68. Is t(-49) a prime number?
False
Suppose -6*p - 42*p - 4355154 = -102*p. Is p a prime number?
True
Let o(v) = 1522*v**2 - 147*v - 609. Is o(-4) a prime number?
False
Let y = 39 - 49. Let d be -227 + (-4)/(y/5). Let k = d - -559. Is k a composite number?
True
Let c(w) = 14*w**2 + 75*w + 932. Is c(-21) prime?
True
Let w(l) = 3906*l**2 - 347*l - 43. Is w(-10) prime?
False
Suppose 0 = -f - m - 27 + 51, 0 = -5*m. Suppose -f*x = 25365 - 125253. Is x composite?
True
Suppose 2*g = 4*t - 929322, 2*t - 2*g - 464665 = -5*g. Is t a prime number?
False
Let r be (-2 - 0) + 22 + 2417. Let t = r - 1292. Is t a composite number?
True
Suppose 3*h + 663727 = 2*j, -19*j - 663752 = -21*j - 2*h. Is j a prime number?
True
Suppose -5*u = -10 - 5. Suppose 3*x + 4*p - 12 = 0, -p = u*x - 6*p + 15. Suppose x = 4*l - 4*y - 4836, -l + 6033 = 4*l - 2*y. Is l prime?
False
Suppose -3*i + 2*i - 1 = 0. Let a be i*(1 - -1) + (7 - -2952). Suppose -4*k + a + 647 = 0. Is k a composite number?
True
Let c = 175089 + -95608. Is c composite?
False
Let d(a) = 137*a**2 - 2*a + 5. Let b be d(5). Suppose 8*t + 28 = 15*t. Is (b/(-8) - 2)*t/(-2) a composite number?
False
Let p(n) = -n**3 + 24*n**2 + 2*n - 51. Let l be p(24). Is 15474 - 5*4/(-12)*l composite?
True
Let l(g) = -36895*g + 2319. Is l(-4) a prime number?
True
Let z(c) = -24335*c - 3146. Is z(-5) a prime number?
True
Let m be (2 + (0 - 1))*4/(-2). Is ((-519)/12 - 0)/(m/776) a composite number?
True
Suppose -3*i - 644 = 289. Let z = -255 - 377. Let t = i - z. Is t a prime number?
False
Suppose -43*c = -46*c + 15. Let k(u) = 133*u**2 + 22*u - 92. Is k(c) a composite number?
False
Let i be -15 + -2*2/1. Let g = 34 + i. Let n(u) = u**3 - 10*u**2 - 18*u + 14. Is n(g) a prime number?
False
Let v(m) = -m**2 - 12*m + 67. Let p be v(-16). Is 402*3 - p/(-6)*2 a prime number?
False
Let q = 10853 - -100508. Suppose 12*c - 115355 - q = 0. Is c prime?
False
Suppose -3*h = 3*q - 50397, -2*h + 33578 = 42*q - 45*q. Is h composite?
True
Let j(z) = -z**2 + 42*z + 135. Let k be j(45). Suppose k = -2*m - 347 + 8485. Is m a composite number?
True
Let w(s) = 104*s - 6. Suppose -15*h + 12*h = 27. Let u(r) = 52*r - 3. Let a(l) = h*u(l) + 4*w(l). Is a(-17) prime?
True
Suppose -5*z + 6 = -19. Suppose z*u - 13969 = 3996. Is u a composite number?
False
Let f(g) = g**2 + 3*g - 13. Let s be f(3). Suppose s*u - 5*j - 8015 = 0, 11*j = 2*u + 10*j - 3206. Is u composite?
True
Let b(a) be the third derivative of a**6/120 - 3*a**5/20 - a**4/4 + 11*a**3/6 + 5*a**2. Suppose -5*o = 5*m - 3*o - 50, -4*m = 2*o - 38. Is b(m) prime?
False
Suppose -20*f + 105 = 15*f. Let t(z) = 3368*z**2 - 5*z - 4. Is t(f) 